l be 10*5 - (-1 + 1). Let c = 111 - l. List the prime factors of c.
61
Suppose g = -5*g - 18. Let u be g + 20/(-8)*-18. Let x = 67 - u. What are the prime factors of x?
5
Let b = -12 - -1332. List the prime factors of b.
2, 3, 5, 11
Let j be (-2 - 3 - -3) + (0 - -112). Suppose 4*h = -4 + 28. Suppose h*q - q = j. List the prime factors of q.
2, 11
Suppose 0 = -18*j + 6938 - 1304. List the prime factors of j.
313
Let j = 63 + -13. Let b = j + -3. List the prime factors of b.
47
Let w = -35 - -73. Suppose -w - 70 = -3*i. What are the prime factors of i?
2, 3
Let k = 32 + -28. Suppose -k = 5*m - 214. List the prime factors of (35/(-10) - -4)*m.
3, 7
List the prime factors of (3/(-2))/(1461/(-486) + 3).
3
Suppose -93 - 485 = -2*o. Let f = o + -194. What are the prime factors of f?
5, 19
Let o be ((-6)/(-15))/(2/10). Let y(v) = v - 32. Let c be y(34). Suppose -c*t + 53 = 3*p, 3*p + 13 = o*t - 2*p. What are the prime factors of t?
19
Let p(u) = -277*u**3 + 1. Let q(o) = 9*o - 19. Let v be q(2). List the prime factors of p(v).
2, 139
Let d = 165 + 2059. What are the prime factors of d?
2, 139
Let x(s) be the second derivative of 10*s - 1/2*s**3 + 0 + s**2. List the prime factors of x(-4).
2, 7
Let g(h) = -664*h + 6. What are the prime factors of g(-2)?
2, 23, 29
Suppose 0 = -19*t + 15*t + 16. List the prime factors of (-1)/3 - (t - 1025/15).
2
Let u(p) = p**2 - 12*p + 11. Let m be u(10). Let f = m + 26. Suppose 5*z + y = 69, 2*y + 61 = 4*z + f. List the prime factors of z.
13
Let b(x) = -138*x - 314. List the prime factors of b(-14).
2, 809
Let m = 2760 + -1089. What are the prime factors of m?
3, 557
Let t be 2/(-4) - (0 + 55/10). Let j = t - -20. List the prime factors of j.
2, 7
Let a = -1068 - -2028. What are the prime factors of a?
2, 3, 5
Let a = -16 + 21. Suppose 0 = 2*d - 7 + 1. Suppose -a*c = -r + 35, 0 = d*r - 6*c + 2*c - 116. What are the prime factors of r?
2, 5
Suppose -8 = -3*r - 2. Suppose -200*z - 222 = -203*z. Suppose -2*k = 2*l + r*l - z, -2*k + 5*l = -56. List the prime factors of k.
3, 11
Suppose -71 = -7*s + 13. List the prime factors of s/(-3) - (4*-20 + 0).
2, 19
Let z = 90 + -90. Let u(y) = -y**3 - y**2 + 159. What are the prime factors of u(z)?
3, 53
Suppose 46611 - 1359 = 18*w. What are the prime factors of w?
2, 3, 419
Let z(h) = 18*h**2 - 2*h - 119. List the prime factors of z(11).
3, 7, 97
Let q be (0/(-1))/(-17 + 19). Suppose 2*u = 2*f - 16, -4*f - 2*u + 5*u + 28 = q. Suppose -f*d = -182 + 2. List the prime factors of d.
3, 5
Suppose 3*a = -15, 5*l + 2*a - 2980 = -2*a. Let q be l/33 - (-2)/(-11). List the prime factors of (q/8)/((-4)/(-16)).
3
Suppose 0 = -2*g + 3*g - 5. Let t be (g/15)/((-3)/117). Let h = t + 46. What are the prime factors of h?
3, 11
Let x = -75 - -131. Suppose -17 = 3*a + 4*v, 3 = -4*a - 2*v - 23. List the prime factors of a/(x/(-12))*20.
2, 3, 5
List the prime factors of ((-75)/(-5) + 3)*26/4.
3, 13
Let x be -37 - ((-8)/2)/2. Let r be 1086/21 + (-10)/x. Let d = -8 + r. What are the prime factors of d?
2, 11
Let a(x) = -2*x**2 - 4*x - 4. Let v be a(-3). List the prime factors of (-306)/15*v*2/8.
3, 17
Let t(w) = w**2 + w - 5. Let c be t(-4). Let l be (c/((-7)/38))/(-2). Suppose g - l = 21. What are the prime factors of g?
2, 5
Suppose 25*y - 35*y = -9120. What are the prime factors of y?
2, 3, 19
Suppose -7*d = -21*d + 21154. List the prime factors of d.
1511
Let c(n) = n**3 + 14*n**2 + 11*n - 17. Suppose -w - 2*m - 21 = 2*m, 5*w + 171 = 2*m. Let k = w - -20. What are the prime factors of c(k)?
3
Suppose -3*c = 5*i - 23, -5*c + 8 = i - c. Suppose -12 = i*m - m, -m + 8 = 4*u. Suppose -u*g = -8 - 40. List the prime factors of g.
2
Let v = 9 + -8. Let n be (-5 - -3 - v) + 7. Suppose -3*c + c + n = 0, d + c = 30. List the prime factors of d.
2, 7
Suppose y - 690 = -5*s, 0 = 3*s - y - 181 - 225. What are the prime factors of s?
137
Suppose 5*b = 6 + 14. Suppose 5*k + 3*n = 1, -5*k + 2*n - 1 = b*n. Let m(j) = -28*j + 1. What are the prime factors of m(k)?
29
Suppose 0 = -2*g - 4*i + 3 - 1, -5*g + 17 = -2*i. Suppose 5*s + g*s = 248. What are the prime factors of s?
31
Let z = 42 - 60. Let b = 10 + z. List the prime factors of (-1)/b*4*14.
7
Let x(w) = 337*w + 538. List the prime factors of x(4).
2, 23, 41
Suppose 3*k - 3*c - 1503 = 0, 5*k + 0*k - 4*c = 2506. What are the prime factors of k?
2, 251
Let g = -2261 - -3914. What are the prime factors of g?
3, 19, 29
Let b(v) be the second derivative of v**5/20 + v**4 + 4*v**2 - 2*v. Let p = 136 + -148. List the prime factors of b(p).
2
Let m be (207/(-2))/(2/(-12)). Suppose -5*n + 600 = -2*f - 3*f, -5*n - 2*f + m = 0. What are the prime factors of n?
3, 41
Let x be ((-10)/3)/(8/24). Let y be (15/x)/((-9)/12). Suppose -3*f = y*h - 6*h + 64, -3*f + 31 = h. List the prime factors of h.
19
Let m(d) = 16*d**2 + 9*d - 19. Let r(l) = 7*l**2 + 4*l - 10. Let k(v) = 3*m(v) - 7*r(v). Let b be (1 - 1 - 0)/2. What are the prime factors of k(b)?
13
Let u be ((-648)/21)/((-1)/7). Suppose -f + 5*d = -87, d - u = -2*f - 3*d. What are the prime factors of f?
2, 3, 17
Let r(k) be the second derivative of 3*k**3/2 - 13*k**2/2 - 4*k. Let j(w) = 8*w - 12. Let l(h) = 5*j(h) - 4*r(h). List the prime factors of l(7).
2, 5
Suppose 8 = 5*i + 3*w, -3*w - 32 = -4*i + w. Suppose -v - i = -39. Suppose v = 5*d - 15. What are the prime factors of d?
2, 5
Let s(q) = 10*q**2 + 2*q - 1. Let c be s(-3). Suppose 0 = -3*r + 2*t - 147, 0*r + 3*t = 4*r + 196. Let a = r + c. What are the prime factors of a?
2, 17
Suppose -2*g + 89 = r, -226 = -5*g + 4*r - 3*r. Suppose -13*f = -6*f + 133. Let v = g + f. What are the prime factors of v?
2, 13
Suppose -4*p + 60 = p. Suppose -17*o = -19*o + p. List the prime factors of o.
2, 3
Let o = 1228 - 688. Suppose 2*w - 7*w = -o. What are the prime factors of w?
2, 3
Suppose -3*s + 45 = 2*k - 4*k, -5*k + 49 = 2*s. Suppose 0 = -5*h + 2 - s. What are the prime factors of h/(-12) - (-83)/4?
3, 7
Suppose 4*a - 29 = 5*v, -a - 5*v = 3*a + 21. Let o be -1 - (-2 - (58 + a)). What are the prime factors of 0 + 13/(26/o)?
2, 3, 5
Let k be (-4)/2*(-23)/(-2). Let g = 202 + -170. Let z = g + k. What are the prime factors of z?
3
Suppose 14 = d + 24. Let s(u) = -u**3 - 8*u**2 + 11*u + 2. What are the prime factors of s(d)?
2, 23
Let a(k) = -90*k. Let p be a(-6). What are the prime factors of 12/3 + p/4?
139
Let m = 3093 + -1797. What are the prime factors of m?
2, 3
Suppose -b = 5*s + 39, 0 = 3*s - 0*b - 4*b + 28. List the prime factors of -6 + 3 + s/(-2) - -52.
53
Suppose 3*z - 32*p + 30*p - 285 = 0, -5*z = -4*p - 477. List the prime factors of z.
3, 31
Let w = -9 - -8. Let a(p) = -10*p**3 + 2*p**2 - p - 1. Let u be a(w). Suppose 0 = -x - 2*j - u + 78, j - 257 = -4*x. List the prime factors of x.
2
Suppose 0 = -3*o - 20 - 22. What are the prime factors of ((-152)/(-3))/(o/(-21))?
2, 19
Suppose 5*s - 3*r - 19 = 0, -s + 5*r + 5 = 4*r. Let p be s/(-6) + 228/9. What are the prime factors of (-2 - (3 + -5)) + p?
5
Let m(t) be the third derivative of -7*t**4/24 - 11*t**3/6 + 7*t**2. Let l be m(-9). Let q = l + -19. What are the prime factors of q?
3, 11
Let c(g) = -2*g**3 - 13*g**2 - 9*g - 16. List the prime factors of c(-8).
2, 31
Suppose 9*j - 12034 + 451 = 0. List the prime factors of j.
3, 11, 13
Suppose -a + 13 + 15 = 3*m, -3*m - 4*a + 31 = 0. Suppose m*k = 4*k + 665. What are the prime factors of k?
7, 19
Let o(g) = 2*g**2 + 2*g + 3. Let c be o(-4). Let m be (-218)/(-5) - c/45. Suppose m + 27 = 2*p. What are the prime factors of p?
5, 7
Let g = 16 - 11. Suppose -g*x - c - 527 = -9*x, 0 = 5*x + c - 661. List the prime factors of x.
2, 3, 11
What are the prime factors of 145665/104 - 6/(-16)?
3, 467
Let c be (-86)/(-10) - (-2)/5. Let f(w) = -w**3 + 7*w**2 - 4. Let s be f(7). Let g = s + c. What are the prime factors of g?
5
Let x(z) = -z**3 - 6*z**2 + 8. Let m be x(-6). Let g be 38/3 - m/12. Let q = g - 7. What are the prime factors of q?
5
Let y = 49 + -45. Let h = -170 - -301. Suppose y*a - h = -23. List the prime factors of a.
3
Let h(f) = 8*f + 2. Let g be h(2). List the prime factors of (27/g)/((-9)/(-474)).
79
Suppose 5*o = -28 + 978. Suppose -5*c + 10 = -5*t + o, 2*c = -t + 24. List the prime factors of t.
2
Let v(w) = 166*w + 116. List the prime factors of v(4).
2, 3, 5,